-9) + (-28)/63.
2, 13, 79
Let t = 102 - 3. Let f = 204 - t. List the prime factors of f.
3, 5, 7
Let c(w) = -220*w - 197. List the prime factors of c(-4).
683
Suppose -j - 85 = 5*c, -3*j - 3*c = 276 - 9. Let q = -65 - -92. What are the prime factors of (j/(-2))/(q/18)?
2, 3, 5
Let i = 4856 - 2082. List the prime factors of i.
2, 19, 73
Suppose 0 = -13*z + 10*z - 5*s + 3771, -5*z = -2*s - 6254. What are the prime factors of z?
2, 313
Let d be 5 - (-4)/(4/(-3)). Suppose -9 = d*m - 5*m. Suppose -4*f + 2 = 3*h - 137, -m*f = 4*h - 113. List the prime factors of f.
31
Suppose 0*v - 4*b - 5 = -v, 3*v + 4*b = 63. Suppose -58 = 5*h - 3. Let x = h + v. List the prime factors of x.
2, 3
Let h(u) = u**2 - 3*u + 4. Let a be h(5). Suppose -4*d - 4*j + a - 2 = 0, 0 = 2*d + 4*j. What are the prime factors of ((-232)/(-24))/(2/d)?
29
Let b(v) = 258*v - 532. What are the prime factors of b(6)?
2, 127
Suppose 680 = 2*v - 2*p + 4*p, -3*v = 2*p - 1019. What are the prime factors of v?
3, 113
Suppose 5*t + 12 = -3*f, 0*f + 2*f = -t - 1. What are the prime factors of f*(-717)/(-7) - (-6)/(-14)?
2, 3, 17
Let w = -31 + 85. Let h = 154 - w. Suppose 0 = -7*l + 2*l + h. List the prime factors of l.
2, 5
Let d(t) = -t + 7. Let r be d(5). Suppose 0 = r*m + m + 3540. What are the prime factors of m/(-44) - (-4)/22?
3
Let o(k) = -k - 3. Let s be o(-3). Suppose -z = d + z - 4, s = 5*d - z - 53. What are the prime factors of (-2)/d - 130/(-25)?
5
Let d = 56 - -101. Let p be (18/15)/(9/30). Suppose 67 + d = p*l. List the prime factors of l.
2, 7
Suppose 4*j + 3116 = 5*u, 6*u - j - 623 = 5*u. What are the prime factors of u?
2, 3, 13
Let k(l) = -l**2 + 17*l + 17. Let t be k(18). Let y be (0 - t) + 5 + 1. Suppose -9*r + 88 = -y*r. What are the prime factors of r?
2, 11
List the prime factors of (81477/297)/(((-1)/(-9))/1).
3, 823
List the prime factors of (-18)/21 - (-407)/(-231)*-2109.
5, 743
Let l = -143 + 148. Suppose 309 = l*y - 4*y. What are the prime factors of y?
3, 103
Suppose 4*q = -5*o + 442, q - o = o + 117. List the prime factors of q.
113
Let i(q) = -450*q - 1. What are the prime factors of i(-1)?
449
Let b(q) = q**2 + q - 13. Let x(j) = j**2. Let u(g) = -b(g) + 2*x(g). List the prime factors of u(7).
5, 11
Let q(l) = -l**3 + l + 2. Let a be q(-1). Suppose -2*n + a*p + 101 = -33, -3*n + 2*p + 202 = 0. What are the prime factors of n?
2, 17
What are the prime factors of 5 - (-17)/(170/8700)?
5, 7
Suppose -2*o - 30 = -7*o. Suppose 0*t - 2*t + o = 0. Suppose 4 = t*i - 8, 136 = 3*z - 2*i. What are the prime factors of z?
2, 3
Suppose 34*f = -29*f + 130725. What are the prime factors of f?
5, 83
Suppose -10*v - 92 = 188. Let i(s) = -8*s - 69. What are the prime factors of i(v)?
5, 31
Suppose 0 = 129*x - 134*x + 50. List the prime factors of x.
2, 5
Suppose 2*u = -2*w + 172, 5*w + 5*u + 470 = 10*w. List the prime factors of w.
2, 3, 5
Suppose 0 = -2*f + 7*f + 85. Let t = 12 - f. What are the prime factors of t?
29
Let k(c) be the first derivative of -15*c**2 + c - 15. What are the prime factors of k(-2)?
61
Let c(h) = h**2 - 8*h - 7. Let q be c(9). Let x(d) = 3*d - 2*d - q*d + 12. List the prime factors of x(6).
2, 3
Let t = 1088 - 818. What are the prime factors of t?
2, 3, 5
Let a = -459 - -695. What are the prime factors of a?
2, 59
What are the prime factors of (-4)/(-10)*6250/4?
5
Suppose 0 = 3*z - 3 - 15. Suppose 3*v + z = 4*l + l, 3*v + 6 = -5*l. Let f = 9 + l. What are the prime factors of f?
3
Suppose -9 = -2*d + 5. Let s be 35/d*4/5. List the prime factors of -2*(-1)/s*106.
53
Let b(x) = 3 + 4 - 5 - 9*x - 3. List the prime factors of b(-1).
2
Let y = 4 + 21. Let m be ((-2)/4)/(621/90 + -7). Let p = y - m. List the prime factors of p.
2, 5
Suppose -4*m + 60 + 80 = 0. Let f = m + 22. What are the prime factors of f?
3, 19
Suppose -2*y + y + 5*m = 6, 4*y = -2*m + 20. Suppose -2*p = 2*d - 188, 0 = -d - 6*p + y*p + 92. What are the prime factors of d?
2, 3
Let r = -1 - -4. Let a be (-3)/2*2 + r. Suppose -220 = -5*j - a*j. List the prime factors of j.
2, 11
Let j be 20/(-4) - -2 - -48. Let h = 7 - 26. Let c = h + j. List the prime factors of c.
2, 13
Let h be (-1 - -11)*3/2. Suppose 4 = h*m - 13*m. Suppose -m*t = -5*g - 23, -28 = -5*t + 5*g + 7. List the prime factors of t.
2
List the prime factors of 1572 + (-7 - 0/3).
5, 313
Suppose 2*p = -b - 158 - 26, 552 = -3*b - 4*p. Let s = -75 - b. Let f = s - 44. List the prime factors of f.
5, 13
Suppose 349 = 4*w + u, 3*w + w + 4*u = 364. Let d = w + -19. What are the prime factors of d?
67
Let h = 7 - 0. Let i be (-1)/h - (-43)/7. Suppose 4*j = i*j - 20. List the prime factors of j.
2, 5
Suppose u + 2 + 30 = 2*q, -3*q + 2*u + 50 = 0. Let f be (1 + -3)/(-2) + 16/2. Suppose -f*o - 115 = -q*o. List the prime factors of o.
23
Let i(o) = 483*o**2 - 3*o - 5. What are the prime factors of i(-1)?
13, 37
Suppose 3*k = 3*u - 2259, 13*u - 747 = 12*u + 4*k. What are the prime factors of u?
5, 151
Suppose 6*j = 14 - 2. List the prime factors of (-5)/(10/(-96)) - (j + -3).
7
Suppose 3*g - 3*m - 4197 = 0, -4*m + 9*m = -3*g + 4237. What are the prime factors of g?
2, 3, 13
Let m(s) = 2*s - 9. Let f be (8/20)/((-2)/(-30)). Let a be m(f). Suppose -p = a*l - 0 - 69, -4*p = l - 12. List the prime factors of l.
2, 3
Let r(n) be the second derivative of 5*n + 21/2*n**2 + 1/6*n**3 + 0. What are the prime factors of r(-12)?
3
Suppose 2*r = 5*p - r + 46, p + 12 = 2*r. What are the prime factors of p/36 - (2 + (-7640)/36)?
2, 3, 5, 7
Let n = -312 + 804. What are the prime factors of n?
2, 3, 41
Let n(a) = 114*a - 21. What are the prime factors of n(5)?
3, 61
Let x(o) = 55*o**2 - 12*o + 166. What are the prime factors of x(7)?
2777
Suppose z + 9 = 4. Let o = 17 + z. What are the prime factors of o?
2, 3
Let w be (-7948)/(-24) - (-3)/(-18). Suppose -5*v + 859 = -w. What are the prime factors of v?
2, 7, 17
Let i be ((-12)/(-8))/((-1)/(-2)). Let d be -5*27*i/(-15). Suppose -2*q + 2 = 0, -3*q + 2*q = -2*c + d. List the prime factors of c.
2, 7
List the prime factors of -3 + -1 - (-2 + -1112).
2, 3, 5, 37
Let m(v) = -2*v**3 - 7*v**2 - 12*v - 7. Let h be m(-5). Suppose -q + h = q + 4*n, 5*q + 5*n - 330 = 0. List the prime factors of q.
2, 17
Suppose -3*r - 1769 = -4*h + 3382, -2*h + 2578 = -4*r. List the prime factors of h.
3, 11, 13
Let r(i) = i + 3. Let t be r(9). Let y(q) = -t*q - 6*q**2 + 3*q**2 + 4*q**2. What are the prime factors of y(13)?
13
Suppose 0 = 3*s - 8*s + 10. Suppose 4*h - s*h = 6. What are the prime factors of 18 - (2 - 2)/h?
2, 3
Let v = -811 - -2463. List the prime factors of v.
2, 7, 59
Suppose 163 + 192 = o + 2*d, -4*o + d = -1393. List the prime factors of o.
349
Let a(l) = 66*l - 3. Let m(u) = -65*u + 2. Let v(h) = 4*a(h) + 3*m(h). List the prime factors of v(2).
2, 3, 11
Let p(x) = -7*x**2 - 17*x - 5. Let h(q) = 3*q**2 + 8*q + 3. Let d(i) = -9*h(i) - 4*p(i). Let k be d(6). Suppose 40 = k*f - 10. List the prime factors of f.
2, 5
Suppose -47*p + 13985 = -11254. What are the prime factors of p?
3, 179
Suppose 2840 = 9*b + 10967. Let a = -577 - b. What are the prime factors of a?
2, 163
List the prime factors of 2/((-6)/(1542/(-1))).
2, 257
Let b be (1 - 5)*(1 + 1). Let y = b + 1. Let l = 73 + y. List the prime factors of l.
2, 3, 11
What are the prime factors of (24/240)/(4/(-30))*-1444?
3, 19
Let q = -112 - -211. Let p be 4/(-22) - (-810)/q. Let v(c) = c**3 - 8*c**2 + 5*c + 4. List the prime factors of v(p).
2, 11
Let b = 454 + -433. Let v(z) = -z**3 - 7*z**2 - 5*z + 2. Let m be v(-6). Let g = b + m. What are the prime factors of g?
17
Suppose 2*x + 156 = 6*x. What are the prime factors of x/6*(8 + -2)?
3, 13
Let q = 25 + -33. Let x be (-26)/q + (-13)/52. Suppose 0 = 4*c + 2*z - x*z - 76, -2*c + 3*z = -38. List the prime factors of c.
19
Suppose 4*t = 12*t - 728. List the prime factors of t.
7, 13
Let i(g) = g**3 + 20*g**2 + 19*g + 7. Let k be i(-19). Suppose -2*n + k*n = 4*o + 1520, n + 4*o = 280. List the prime factors of n.
2, 3, 5
Suppose 12 = 2*q - 4. Let o = q + -1. Let x(u) = -u**2 + 6*u + 9. List the prime factors of x(o).
2
Let w = 321 + -311. Let f(u) be the first derivative of u**4/4 - 3*u**3 - 5*u**2 + 12*u + 1. List the prime factors of f(w).
2, 3
Let d be (776/12)/(4/6). Let a = -38 + d. Let n = a + -27. What are